{"id":610,"date":"2022-12-07T16:00:54","date_gmt":"2022-12-07T15:00:54","guid":{"rendered":"http:\/\/lesmrdtrucs.mataf35400.fr\/?page_id=610"},"modified":"2022-12-07T16:09:21","modified_gmt":"2022-12-07T15:09:21","slug":"fanfoue","status":"publish","type":"page","link":"https:\/\/lesmrdtrucs.mataf35400.fr\/index.php\/fanfoue\/","title":{"rendered":"Fanfou\u00e9"},"content":{"rendered":"\t\t<div data-elementor-type=\"wp-page\" data-elementor-id=\"610\" class=\"elementor elementor-610\">\n\t\t\t\t\t\t<section class=\"elementor-section elementor-top-section elementor-element elementor-element-132290d9 elementor-section-boxed elementor-section-height-default elementor-section-height-default\" data-id=\"132290d9\" data-element_type=\"section\">\n\t\t\t\t\t\t<div class=\"elementor-container elementor-column-gap-default\">\n\t\t\t\t\t<div class=\"elementor-column elementor-col-100 elementor-top-column elementor-element elementor-element-8047e9b\" data-id=\"8047e9b\" data-element_type=\"column\">\n\t\t\t<div class=\"elementor-widget-wrap elementor-element-populated\">\n\t\t\t\t\t\t<div class=\"elementor-element elementor-element-47e65469 elementor-widget elementor-widget-heading\" data-id=\"47e65469\" data-element_type=\"widget\" data-widget_type=\"heading.default\">\n\t\t\t\t<div class=\"elementor-widget-container\">\n\t\t\t<h3 class=\"elementor-heading-title elementor-size-default\"><div><div><div><div class=\"QZ3zWd\"><div class=\"fktJzd AKpWA yMcSQd Ly6Unf G9Qloe NWW3Jd XxIgdb\" data-uses-custom-theme=\"false\" data-legacy-theme-name=\"Impression\" data-legacy-theme-font-kit=\"Capital\" data-legacy-theme-color-kit=\"Supernova\"><div role=\"main\" class=\"UtePc RCETm\" dir=\"ltr\" aria-hidden=\"false\"><section id=\"h.62af13a1302c81bb_5\" class=\"yaqOZd\"><div class=\"mYVXT\"><div class=\"LS81yb VICjCf j5pSsc db35Fc\"><div class=\"hJDwNd-AhqUyc-uQSCkd Ft7HRd-AhqUyc-uQSCkd purZT-AhqUyc-II5mzb ZcASvf-AhqUyc-II5mzb pSzOP-AhqUyc-qWD73c Ktthjf-AhqUyc-qWD73c JNdkSc SQVYQc\"><div class=\"JNdkSc-SmKAyb LkDMRd\"><div class=\"\"><div class=\"oKdM2c ZZyype Kzv0Me\"><div id=\"h.62af13a1302c81bb_8\" class=\"hJDwNd-AhqUyc-uQSCkd Ft7HRd-AhqUyc-uQSCkd jXK9ad D2fZ2 zu5uec OjCsFc dmUFtb wHaque g5GTcb JYTMs\"><div class=\"jXK9ad-SmKAyb\"><div class=\"tyJCtd mGzaTb Depvyb baZpAe\"><h3 id=\"h.fxaesjg3oqi2_l\" dir=\"ltr\" class=\"CDt4Ke zfr3Q OmQG5e\"><div class=\"CjVfdc\"><h3 id=\"h.fxaesjg3oqi2_l\" dir=\"ltr\" class=\"CDt4Ke zfr3Q OmQG5e\" style=\"background-color: transparent;border-bottom: none;border-left: none;border-right: none;border-top: none;line-height: 1.38;margin-bottom: 12pt;margin-top: 0;padding-bottom: 0;padding-left: 0;padding-right: 0;padding-top: 0\">S\u00e9rie originale<\/h3><\/div><\/h3><\/div><\/div><\/div><\/div><\/div><\/div><\/div><\/div><\/div><\/section><\/div><\/div><\/div><\/div><\/div><\/div><\/h3>\t\t<\/div>\n\t\t\t\t<\/div>\n\t\t\t\t<div class=\"elementor-element elementor-element-2d54296b elementor-widget elementor-widget-text-editor\" data-id=\"2d54296b\" data-element_type=\"widget\" data-widget_type=\"text-editor.default\">\n\t\t\t\t<div class=\"elementor-widget-container\">\n\t\t\t\t\t\t\t<p>01 &#8211; <span style=\"color: #ff0000;\"><strong>D\u00eeeu, les femmes&#8230; la fondue (1993)<\/strong><\/span><br \/>02 &#8211; <span style=\"color: #ff0000;\"><strong>Gentiane et petites P\u00e9p\u00e9es (1995)<\/strong><\/span><br \/>03 &#8211; <span style=\"color: #ff0000;\"><strong>Fondues D\u00e9cha\u00een\u00e9es (1996)<\/strong><\/span><br \/>04 &#8211; <span style=\"color: #ff0000;\"><strong>Tomme III (1997)<\/strong><\/span><br \/>05 &#8211; <span style=\"color: #ff0000;\"><strong>Fanfou\u00e9 casse la Baratte (1998)<\/strong><\/span><br \/>06 &#8211; <strong><span style=\"color: #ff0000;\">Techno Musette Party (2001)<\/span><\/strong><br \/>07 &#8211; <span style=\"color: #ff0000;\"><strong>Tant qu&rsquo;il y aura des Tommes (2002)<\/strong><\/span><br \/>08 &#8211; <span style=\"color: #ff0000;\"><strong>Je Stemme, moi non plus ! (2006)<\/strong><\/span><br \/>09 &#8211; <span style=\"color: #ff0000;\"><strong>\u00c0 Cor Perdu ! (2007)<\/strong><\/span><br \/>10 &#8211; <span style=\"color: #ff0000;\"><strong>Jour de tartiflette (2008)<\/strong><\/span><\/p>\t\t\t\t\t\t<\/div>\n\t\t\t\t<\/div>\n\t\t\t\t\t<\/div>\n\t\t<\/div>\n\t\t\t\t\t<\/div>\n\t\t<\/section>\n\t\t\t\t<section class=\"elementor-section elementor-top-section elementor-element elementor-element-9bd8e4c elementor-section-boxed elementor-section-height-default elementor-section-height-default\" data-id=\"9bd8e4c\" data-element_type=\"section\">\n\t\t\t\t\t\t<div class=\"elementor-container elementor-column-gap-default\">\n\t\t\t\t\t<div class=\"elementor-column elementor-col-100 elementor-top-column elementor-element elementor-element-94957f6\" data-id=\"94957f6\" data-element_type=\"column\">\n\t\t\t<div class=\"elementor-widget-wrap elementor-element-populated\">\n\t\t\t\t\t\t<div class=\"elementor-element elementor-element-549c99b elementor-widget elementor-widget-heading\" data-id=\"549c99b\" data-element_type=\"widget\" data-widget_type=\"heading.default\">\n\t\t\t\t<div class=\"elementor-widget-container\">\n\t\t\t<h3 class=\"elementor-heading-title elementor-size-default\"><div><div><div><div class=\"QZ3zWd\"><div class=\"fktJzd AKpWA yMcSQd Ly6Unf G9Qloe NWW3Jd XxIgdb\" data-uses-custom-theme=\"false\" data-legacy-theme-name=\"Impression\" data-legacy-theme-font-kit=\"Capital\" data-legacy-theme-color-kit=\"Supernova\"><div role=\"main\" class=\"UtePc RCETm\" dir=\"ltr\" aria-hidden=\"false\"><section id=\"h.62af13a1302c81bb_5\" class=\"yaqOZd\"><div class=\"mYVXT\"><div class=\"LS81yb VICjCf j5pSsc db35Fc\"><div class=\"hJDwNd-AhqUyc-uQSCkd Ft7HRd-AhqUyc-uQSCkd purZT-AhqUyc-II5mzb ZcASvf-AhqUyc-II5mzb pSzOP-AhqUyc-qWD73c Ktthjf-AhqUyc-qWD73c JNdkSc SQVYQc\"><div class=\"JNdkSc-SmKAyb LkDMRd\"><div class=\"\"><div class=\"oKdM2c ZZyype Kzv0Me\"><div id=\"h.62af13a1302c81bb_8\" class=\"hJDwNd-AhqUyc-uQSCkd Ft7HRd-AhqUyc-uQSCkd jXK9ad D2fZ2 zu5uec OjCsFc dmUFtb wHaque g5GTcb JYTMs\"><div class=\"jXK9ad-SmKAyb\"><div class=\"tyJCtd mGzaTb Depvyb baZpAe\"><h3 id=\"h.fxaesjg3oqi2_l\" dir=\"ltr\" class=\"CDt4Ke zfr3Q OmQG5e\"><div class=\"CjVfdc\">Les polars savoyards<\/div><\/h3><\/div><\/div><\/div><\/div><\/div><\/div><\/div><\/div><\/div><\/section><\/div><\/div><\/div><\/div><\/div><\/div><\/h3>\t\t<\/div>\n\t\t\t\t<\/div>\n\t\t\t\t<div class=\"elementor-element elementor-element-382d5b77 elementor-widget elementor-widget-text-editor\" data-id=\"382d5b77\" data-element_type=\"widget\" data-widget_type=\"text-editor.default\">\n\t\t\t\t<div class=\"elementor-widget-container\">\n\t\t\t\t\t\t\t<p>01 &#8211; <span style=\"color: #ff0000;\"><strong>Le Reblochon qui tue (1998)<\/strong><\/span><br \/>02 &#8211; <span style=\"color: #ff0000;\"><strong>Pas de ripaille pour Fanfou\u00e9 (2004)<\/strong><\/span><br \/>03 &#8211; Meurtres en Abondance (2006)<\/p>\t\t\t\t\t\t<\/div>\n\t\t\t\t<\/div>\n\t\t\t\t\t<\/div>\n\t\t<\/div>\n\t\t\t\t\t<\/div>\n\t\t<\/section>\n\t\t\t\t<\/div>\n\t\t","protected":false},"excerpt":{"rendered":"<p>S\u00e9rie originale 01 &#8211; D\u00eeeu, les femmes&#8230; la fondue (1993)02 &#8211; Gentiane et petites P\u00e9p\u00e9es (1995)03 &#8211; Fondues D\u00e9cha\u00een\u00e9es (1996)04 &#8211; Tomme III (1997)05 &#8211; Fanfou\u00e9 casse la Baratte (1998)06 &#8211; Techno Musette Party (2001)07 &#8211; Tant qu&rsquo;il y aura des Tommes (2002)08 &#8211; Je Stemme, moi non plus ! (2006)09 &#8211; \u00c0 Cor Perdu [&hellip;]<\/p>\n","protected":false},"author":1,"featured_media":0,"parent":0,"menu_order":0,"comment_status":"closed","ping_status":"closed","template":"","meta":{"ocean_post_layout":"","ocean_both_sidebars_style":"","ocean_both_sidebars_content_width":0,"ocean_both_sidebars_sidebars_width":0,"ocean_sidebar":"0","ocean_second_sidebar":"0","ocean_disable_margins":"enable","ocean_add_body_class":"","ocean_shortcode_before_top_bar":"","ocean_shortcode_after_top_bar":"","ocean_shortcode_before_header":"","ocean_shortcode_after_header":"","ocean_has_shortcode":"","ocean_shortcode_after_title":"","ocean_shortcode_before_footer_widgets":"","ocean_shortcode_after_footer_widgets":"","ocean_shortcode_before_footer_bottom":"","ocean_shortcode_after_footer_bottom":"","ocean_display_top_bar":"default","ocean_display_header":"default","ocean_header_style":"","ocean_center_header_left_menu":"0","ocean_custom_header_template":"0","ocean_custom_logo":0,"ocean_custom_retina_logo":0,"ocean_custom_logo_max_width":0,"ocean_custom_logo_tablet_max_width":0,"ocean_custom_logo_mobile_max_width":0,"ocean_custom_logo_max_height":0,"ocean_custom_logo_tablet_max_height":0,"ocean_custom_logo_mobile_max_height":0,"ocean_header_custom_menu":"0","ocean_menu_typo_font_family":"0","ocean_menu_typo_font_subset":"","ocean_menu_typo_font_size":0,"ocean_menu_typo_font_size_tablet":0,"ocean_menu_typo_font_size_mobile":0,"ocean_menu_typo_font_size_unit":"px","ocean_menu_typo_font_weight":"","ocean_menu_typo_font_weight_tablet":"","ocean_menu_typo_font_weight_mobile":"","ocean_menu_typo_transform":"","ocean_menu_typo_transform_tablet":"","ocean_menu_typo_transform_mobile":"","ocean_menu_typo_line_height":0,"ocean_menu_typo_line_height_tablet":0,"ocean_menu_typo_line_height_mobile":0,"ocean_menu_typo_line_height_unit":"","ocean_menu_typo_spacing":0,"ocean_menu_typo_spacing_tablet":0,"ocean_menu_typo_spacing_mobile":0,"ocean_menu_typo_spacing_unit":"","ocean_menu_link_color":"","ocean_menu_link_color_hover":"","ocean_menu_link_color_active":"","ocean_menu_link_background":"","ocean_menu_link_hover_background":"","ocean_menu_link_active_background":"","ocean_menu_social_links_bg":"","ocean_menu_social_hover_links_bg":"","ocean_menu_social_links_color":"","ocean_menu_social_hover_links_color":"","ocean_disable_title":"default","ocean_disable_heading":"default","ocean_post_title":"","ocean_post_subheading":"","ocean_post_title_style":"","ocean_post_title_background_color":"","ocean_post_title_background":0,"ocean_post_title_bg_image_position":"","ocean_post_title_bg_image_attachment":"","ocean_post_title_bg_image_repeat":"","ocean_post_title_bg_image_size":"","ocean_post_title_height":0,"ocean_post_title_bg_overlay":0.5,"ocean_post_title_bg_overlay_color":"","ocean_disable_breadcrumbs":"default","ocean_breadcrumbs_color":"","ocean_breadcrumbs_separator_color":"","ocean_breadcrumbs_links_color":"","ocean_breadcrumbs_links_hover_color":"","ocean_display_footer_widgets":"default","ocean_display_footer_bottom":"default","ocean_custom_footer_template":"0","footnotes":""},"class_list":["post-610","page","type-page","status-publish","hentry","entry"],"_links":{"self":[{"href":"https:\/\/lesmrdtrucs.mataf35400.fr\/index.php\/wp-json\/wp\/v2\/pages\/610","targetHints":{"allow":["GET"]}}],"collection":[{"href":"https:\/\/lesmrdtrucs.mataf35400.fr\/index.php\/wp-json\/wp\/v2\/pages"}],"about":[{"href":"https:\/\/lesmrdtrucs.mataf35400.fr\/index.php\/wp-json\/wp\/v2\/types\/page"}],"author":[{"embeddable":true,"href":"https:\/\/lesmrdtrucs.mataf35400.fr\/index.php\/wp-json\/wp\/v2\/users\/1"}],"replies":[{"embeddable":true,"href":"https:\/\/lesmrdtrucs.mataf35400.fr\/index.php\/wp-json\/wp\/v2\/comments?post=610"}],"version-history":[{"count":7,"href":"https:\/\/lesmrdtrucs.mataf35400.fr\/index.php\/wp-json\/wp\/v2\/pages\/610\/revisions"}],"predecessor-version":[{"id":622,"href":"https:\/\/lesmrdtrucs.mataf35400.fr\/index.php\/wp-json\/wp\/v2\/pages\/610\/revisions\/622"}],"wp:attachment":[{"href":"https:\/\/lesmrdtrucs.mataf35400.fr\/index.php\/wp-json\/wp\/v2\/media?parent=610"}],"curies":[{"name":"wp","href":"https:\/\/api.w.org\/{rel}","templated":true}]}}