{"id":508,"date":"2022-12-07T09:36:54","date_gmt":"2022-12-07T08:36:54","guid":{"rendered":"http:\/\/lesmrdtrucs.mataf35400.fr\/?page_id=508"},"modified":"2022-12-07T09:49:42","modified_gmt":"2022-12-07T08:49:42","slug":"base-de-registres","status":"publish","type":"page","link":"https:\/\/lesmrdtrucs.mataf35400.fr\/index.php\/base-de-registres\/","title":{"rendered":"Base de registres"},"content":{"rendered":"\t\t<div data-elementor-type=\"wp-page\" data-elementor-id=\"508\" class=\"elementor elementor-508\">\n\t\t\t\t\t\t<section class=\"elementor-section elementor-top-section elementor-element elementor-element-6399a871 elementor-section-boxed elementor-section-height-default elementor-section-height-default\" data-id=\"6399a871\" data-element_type=\"section\">\n\t\t\t\t\t\t<div class=\"elementor-container elementor-column-gap-default\">\n\t\t\t\t\t<div class=\"elementor-column elementor-col-100 elementor-top-column elementor-element elementor-element-76f21f16\" data-id=\"76f21f16\" data-element_type=\"column\">\n\t\t\t<div class=\"elementor-widget-wrap elementor-element-populated\">\n\t\t\t\t\t\t<div class=\"elementor-element elementor-element-1720e852 elementor-widget elementor-widget-heading\" data-id=\"1720e852\" data-element_type=\"widget\" data-settings=\"{&quot;_animation&quot;:&quot;none&quot;}\" data-widget_type=\"heading.default\">\n\t\t\t\t<div class=\"elementor-widget-container\">\n\t\t\t<h2 class=\"elementor-heading-title elementor-size-default\">Lecture\/\u00e9criture dans la base de registre<\/h2>\t\t<\/div>\n\t\t\t\t<\/div>\n\t\t\t\t<div class=\"elementor-element elementor-element-3604c876 elementor-widget elementor-widget-heading\" data-id=\"3604c876\" data-element_type=\"widget\" data-widget_type=\"heading.default\">\n\t\t\t\t<div class=\"elementor-widget-container\">\n\t\t\t<h3 class=\"elementor-heading-title elementor-size-default\">Ecriture:<\/h3>\t\t<\/div>\n\t\t\t\t<\/div>\n\t\t\t\t<div class=\"elementor-element elementor-element-3a9ed618 elementor-widget elementor-widget-text-editor\" data-id=\"3a9ed618\" data-element_type=\"widget\" data-widget_type=\"text-editor.default\">\n\t\t\t\t<div class=\"elementor-widget-container\">\n\t\t\t\t\t\t\t<p>Exemple MRD de code \u00e0 ins\u00e9rer pour \u00e9crire dans la base de registre:<\/p><p>Pour mettre la cl\u00e9 \u00ab\u00a0Number\u00a0\u00bb d&rsquo;XIP01 \u00e0 \u00ab\u00a0MaValeur\u00a0\u00bb, \u00e9crire<br \/><span style=\"color: #0000ff;\"><em>\u00a0\u00a0\u00a0 Set WshShell = CreateObject(\u00ab\u00a0WScript.Shell\u00a0\u00bb)<\/em><\/span><br \/><span style=\"color: #0000ff;\"><em>\u00a0\u00a0\u00a0 WshShell.Regwrite \u00ab\u00a0HKEY_LOCAL_MACHINE\\SOFTWARE\\Schneider Automation\\CNFXIP\\Connections1\\Number\u00a0\u00bb, MaValeur, \u00ab\u00a0REG_DWORD\u00a0\u00bb<\/em><\/span><\/p><p>Autre exemple:<br \/><span style=\"color: #0000ff;\"><em>\u00a0\u00a0\u00a0 Set WshShell = CreateObject(\u00ab\u00a0WScript.Shell\u00a0\u00bb)<\/em><\/span><br \/><span style=\"color: #0000ff;\"><em>\u00a0\u00a0\u00a0 WshShell.Regwrite \u00ab\u00a0HKEY_LOCAL_MACHINE\\SOFTWARE\\Microsoft\\HTMLHelp\\1.x\\ItssRestrictions\\MaxAllowedZone\u00a0\u00bb, 2, \u00ab\u00a0REG_DWORD\u00a0\u00bb<\/em><\/span><\/p>\t\t\t\t\t\t<\/div>\n\t\t\t\t<\/div>\n\t\t\t\t<div class=\"elementor-element elementor-element-33a4669 elementor-widget elementor-widget-heading\" data-id=\"33a4669\" data-element_type=\"widget\" data-widget_type=\"heading.default\">\n\t\t\t\t<div class=\"elementor-widget-container\">\n\t\t\t<h3 class=\"elementor-heading-title elementor-size-default\">Lecture:<\/h3>\t\t<\/div>\n\t\t\t\t<\/div>\n\t\t\t\t<div class=\"elementor-element elementor-element-d9732f3 elementor-widget elementor-widget-text-editor\" data-id=\"d9732f3\" data-element_type=\"widget\" data-widget_type=\"text-editor.default\">\n\t\t\t\t<div class=\"elementor-widget-container\">\n\t\t\t\t\t\t\t<p>Exemple MRD de code \u00e0 ins\u00e9rer pour lire dans la base de registre:<\/p><p>Pour r\u00e9cup\u00e9rer le r\u00e9pertoire du bureau du PC,\u00e9crire<br \/><em><span style=\"color: #0000ff;\">\u00a0\u00a0\u00a0 Set WshShell = CreateObject(\u00ab\u00a0WScript.Shell\u00a0\u00bb)<\/span><br \/><span style=\"color: #0000ff;\">\u00a0\u00a0\u00a0 MaValeur = WshShell.RegRead(\u00ab\u00a0HKEY_CURRENT_USER\\Software\\Microsoft\\Windows\\CurrentVersion\\Explorer\\Shell Folders\\Desktop\u00a0\u00bb)<\/span><br \/><br \/><\/em>Voir aussi: Les types de donn\u00e9es.<\/p>\t\t\t\t\t\t<\/div>\n\t\t\t\t<\/div>\n\t\t\t\t\t<\/div>\n\t\t<\/div>\n\t\t\t\t\t<\/div>\n\t\t<\/section>\n\t\t\t\t<section class=\"elementor-section elementor-top-section elementor-element elementor-element-11e78695 elementor-section-boxed elementor-section-height-default elementor-section-height-default\" data-id=\"11e78695\" data-element_type=\"section\">\n\t\t\t\t\t\t<div class=\"elementor-container elementor-column-gap-default\">\n\t\t\t\t\t<div class=\"elementor-column elementor-col-100 elementor-top-column elementor-element elementor-element-23a9caa2\" data-id=\"23a9caa2\" data-element_type=\"column\">\n\t\t\t<div class=\"elementor-widget-wrap elementor-element-populated\">\n\t\t\t\t\t\t<div class=\"elementor-element elementor-element-2d19cb42 elementor-widget elementor-widget-heading\" data-id=\"2d19cb42\" data-element_type=\"widget\" data-settings=\"{&quot;_animation&quot;:&quot;none&quot;}\" data-widget_type=\"heading.default\">\n\t\t\t\t<div class=\"elementor-widget-container\">\n\t\t\t<h2 class=\"elementor-heading-title elementor-size-default\">Script Console MRD (Page d'accueil IE &amp; sortie de veille)<\/h2>\t\t<\/div>\n\t\t\t\t<\/div>\n\t\t\t\t<div class=\"elementor-element elementor-element-199a18a elementor-widget elementor-widget-text-editor\" data-id=\"199a18a\" data-element_type=\"widget\" data-widget_type=\"text-editor.default\">\n\t\t\t\t<div class=\"elementor-widget-container\">\n\t\t\t\t\t\t\t<p>Cette proc\u00e9dure permet de forcer la page d&rsquo;accueil Internet Explorer sur Google.<\/p><p><span style=\"color: #0000ff;\"><em>\u00a0\u00a0 \u00a0Set WshShell = CreateObject(\u00ab\u00a0WScript.Shell\u00a0\u00bb)<\/em><\/span><\/p><p><span style=\"color: #339966;\"><em>\u00a0\u00a0 \u00a0&lsquo;Active la possibilit\u00e9 de changement<\/em><\/span><br \/><span style=\"color: #0000ff;\"><em>\u00a0\u00a0 \u00a0WshShell.Regwrite \u00ab\u00a0HKEY_CURRENT_USER\\Software\\Policies\\Microsoft\\Internet Explorer\\Control Panel\\HomePage\u00a0\u00bb, 0, \u00ab\u00a0REG_DWORD\u00a0\u00bb<\/em><\/span><\/p><p><span style=\"color: #339966;\"><em>\u00a0\u00a0 \u00a0&lsquo;Change la page par d\u00e9faut<\/em><\/span><br \/><span style=\"color: #0000ff;\"><em>\u00a0\u00a0\u00a0 WshShell.Regwrite \u00ab\u00a0HKEY_CURRENT_USER\\Software\\Microsoft\\Internet Explorer\\Main\\Default_Page_URL\u00a0\u00bb, \u00ab\u00a0http:\/\/www.google.fr\u00a0\u00bb, \u00ab\u00a0REG_SZ\u00a0\u00bb<\/em><\/span><\/p><p><span style=\"color: #339966;\"><em>\u00a0\u00a0 \u00a0&lsquo;Change la page d&rsquo;accueil<\/em><\/span><br \/><span style=\"color: #0000ff;\"><em>\u00a0\u00a0\u00a0 WshShell.Regwrite \u00ab\u00a0HKEY_CURRENT_USER\\Software\\Microsoft\\Internet Explorer\\Main\\Start Page\u00a0\u00bb, \u00ab\u00a0http:\/\/www.google.fr\/\u00a0\u00bb, \u00ab\u00a0REG_SZ\u00a0\u00bb<\/em><\/span><\/p><p><span style=\"color: #339966;\"><em>\u00a0\u00a0 \u00a0&lsquo;Verrouille la possibilit\u00e9 de changement<\/em><\/span><br \/><span style=\"color: #0000ff;\"><em>\u00a0\u00a0 \u00a0WshShell.Regwrite \u00ab\u00a0HKEY_CURRENT_USER\\Software\\Policies\\Microsoft\\Internet Explorer\\Control Panel\\HomePage\u00a0\u00bb, 1, \u00ab\u00a0REG_DWORD\u00a0\u00bb<\/em><\/span><\/p><p>Cette proc\u00e9dure permet de ne plus demander de mot de passe en sortie de veille prolong\u00e9e.<\/p><p><span style=\"color: #0000ff;\"><em>\u00a0\u00a0 Set WshShell = CreateObject(\u00ab\u00a0WScript.Shell\u00a0\u00bb)<\/em><\/span><\/p><p><span style=\"color: #339966;\"><em>\u00a0\u00a0 \u00a0&lsquo;D\u00e9coche la demande de mot de passe en sortie de veille prolong\u00e9e<\/em><\/span><br \/><span style=\"color: #0000ff;\"><em>\u00a0\u00a0\u00a0 WshShell.Regwrite \u00ab\u00a0HKEY_CURRENT_USER\\Software\\Policies\\Microsoft\\Windows\\System\\Power\\PromptPasswordOnResume\u00a0\u00bb, 0, \u00ab\u00a0REG_DWORD\u00a0\u00bb<\/em><\/span><\/p>\t\t\t\t\t\t<\/div>\n\t\t\t\t<\/div>\n\t\t\t\t\t<\/div>\n\t\t<\/div>\n\t\t\t\t\t<\/div>\n\t\t<\/section>\n\t\t\t\t<\/div>\n\t\t","protected":false},"excerpt":{"rendered":"<p>Lecture\/\u00e9criture dans la base de registre Ecriture: Exemple MRD de code \u00e0 ins\u00e9rer pour \u00e9crire dans la base de registre: Pour mettre la cl\u00e9 \u00ab\u00a0Number\u00a0\u00bb d&rsquo;XIP01 \u00e0 \u00ab\u00a0MaValeur\u00a0\u00bb, \u00e9crire\u00a0\u00a0\u00a0 Set WshShell = CreateObject(\u00ab\u00a0WScript.Shell\u00a0\u00bb)\u00a0\u00a0\u00a0 WshShell.Regwrite \u00ab\u00a0HKEY_LOCAL_MACHINESOFTWARESchneider AutomationCNFXIPConnections1Number\u00a0\u00bb, MaValeur, \u00ab\u00a0REG_DWORD\u00a0\u00bb Autre exemple:\u00a0\u00a0\u00a0 Set WshShell = CreateObject(\u00ab\u00a0WScript.Shell\u00a0\u00bb)\u00a0\u00a0\u00a0 WshShell.Regwrite \u00ab\u00a0HKEY_LOCAL_MACHINESOFTWAREMicrosoftHTMLHelp1.xItssRestrictionsMaxAllowedZone\u00a0\u00bb, 2, \u00ab\u00a0REG_DWORD\u00a0\u00bb Lecture: Exemple MRD de code \u00e0 ins\u00e9rer [&hellip;]<\/p>\n","protected":false},"author":1,"featured_media":0,"parent":0,"menu_order":0,"comment_status":"closed","ping_status":"closed","template":"","meta":{"ocean_post_layout":"","ocean_both_sidebars_style":"","ocean_both_sidebars_content_width":0,"ocean_both_sidebars_sidebars_width":0,"ocean_sidebar":"","ocean_second_sidebar":"","ocean_disable_margins":"enable","ocean_add_body_class":"","ocean_shortcode_before_top_bar":"","ocean_shortcode_after_top_bar":"","ocean_shortcode_before_header":"","ocean_shortcode_after_header":"","ocean_has_shortcode":"","ocean_shortcode_after_title":"","ocean_shortcode_before_footer_widgets":"","ocean_shortcode_after_footer_widgets":"","ocean_shortcode_before_footer_bottom":"","ocean_shortcode_after_footer_bottom":"","ocean_display_top_bar":"default","ocean_display_header":"default","ocean_header_style":"","ocean_center_header_left_menu":"","ocean_custom_header_template":"","ocean_custom_logo":0,"ocean_custom_retina_logo":0,"ocean_custom_logo_max_width":0,"ocean_custom_logo_tablet_max_width":0,"ocean_custom_logo_mobile_max_width":0,"ocean_custom_logo_max_height":0,"ocean_custom_logo_tablet_max_height":0,"ocean_custom_logo_mobile_max_height":0,"ocean_header_custom_menu":"","ocean_menu_typo_font_family":"","ocean_menu_typo_font_subset":"","ocean_menu_typo_font_size":0,"ocean_menu_typo_font_size_tablet":0,"ocean_menu_typo_font_size_mobile":0,"ocean_menu_typo_font_size_unit":"px","ocean_menu_typo_font_weight":"","ocean_menu_typo_font_weight_tablet":"","ocean_menu_typo_font_weight_mobile":"","ocean_menu_typo_transform":"","ocean_menu_typo_transform_tablet":"","ocean_menu_typo_transform_mobile":"","ocean_menu_typo_line_height":0,"ocean_menu_typo_line_height_tablet":0,"ocean_menu_typo_line_height_mobile":0,"ocean_menu_typo_line_height_unit":"","ocean_menu_typo_spacing":0,"ocean_menu_typo_spacing_tablet":0,"ocean_menu_typo_spacing_mobile":0,"ocean_menu_typo_spacing_unit":"","ocean_menu_link_color":"","ocean_menu_link_color_hover":"","ocean_menu_link_color_active":"","ocean_menu_link_background":"","ocean_menu_link_hover_background":"","ocean_menu_link_active_background":"","ocean_menu_social_links_bg":"","ocean_menu_social_hover_links_bg":"","ocean_menu_social_links_color":"","ocean_menu_social_hover_links_color":"","ocean_disable_title":"default","ocean_disable_heading":"default","ocean_post_title":"","ocean_post_subheading":"","ocean_post_title_style":"","ocean_post_title_background_color":"","ocean_post_title_background":0,"ocean_post_title_bg_image_position":"","ocean_post_title_bg_image_attachment":"","ocean_post_title_bg_image_repeat":"","ocean_post_title_bg_image_size":"","ocean_post_title_height":0,"ocean_post_title_bg_overlay":0.5,"ocean_post_title_bg_overlay_color":"","ocean_disable_breadcrumbs":"default","ocean_breadcrumbs_color":"","ocean_breadcrumbs_separator_color":"","ocean_breadcrumbs_links_color":"","ocean_breadcrumbs_links_hover_color":"","ocean_display_footer_widgets":"default","ocean_display_footer_bottom":"default","ocean_custom_footer_template":"","footnotes":""},"class_list":["post-508","page","type-page","status-publish","hentry","entry"],"_links":{"self":[{"href":"https:\/\/lesmrdtrucs.mataf35400.fr\/index.php\/wp-json\/wp\/v2\/pages\/508","targetHints":{"allow":["GET"]}}],"collection":[{"href":"https:\/\/lesmrdtrucs.mataf35400.fr\/index.php\/wp-json\/wp\/v2\/pages"}],"about":[{"href":"https:\/\/lesmrdtrucs.mataf35400.fr\/index.php\/wp-json\/wp\/v2\/types\/page"}],"author":[{"embeddable":true,"href":"https:\/\/lesmrdtrucs.mataf35400.fr\/index.php\/wp-json\/wp\/v2\/users\/1"}],"replies":[{"embeddable":true,"href":"https:\/\/lesmrdtrucs.mataf35400.fr\/index.php\/wp-json\/wp\/v2\/comments?post=508"}],"version-history":[{"count":7,"href":"https:\/\/lesmrdtrucs.mataf35400.fr\/index.php\/wp-json\/wp\/v2\/pages\/508\/revisions"}],"predecessor-version":[{"id":520,"href":"https:\/\/lesmrdtrucs.mataf35400.fr\/index.php\/wp-json\/wp\/v2\/pages\/508\/revisions\/520"}],"wp:attachment":[{"href":"https:\/\/lesmrdtrucs.mataf35400.fr\/index.php\/wp-json\/wp\/v2\/media?parent=508"}],"curies":[{"name":"wp","href":"https:\/\/api.w.org\/{rel}","templated":true}]}}