{"id":2144,"date":"2023-07-27T07:14:44","date_gmt":"2023-07-27T06:14:44","guid":{"rendered":"https:\/\/lesmrdtrucs.mataf35400.fr\/?page_id=2144"},"modified":"2023-10-24T07:11:40","modified_gmt":"2023-10-24T06:11:40","slug":"projecteur-heurtier","status":"publish","type":"page","link":"https:\/\/lesmrdtrucs.mataf35400.fr\/index.php\/projecteur-heurtier\/","title":{"rendered":"Projecteur Heurtier"},"content":{"rendered":"\t\t<div data-elementor-type=\"wp-page\" data-elementor-id=\"2144\" class=\"elementor elementor-2144\">\n\t\t\t\t\t\t<section class=\"elementor-section elementor-top-section elementor-element elementor-element-688aa9b elementor-section-boxed elementor-section-height-default elementor-section-height-default\" data-id=\"688aa9b\" data-element_type=\"section\">\n\t\t\t\t\t\t<div class=\"elementor-container elementor-column-gap-default\">\n\t\t\t\t\t<div class=\"elementor-column elementor-col-100 elementor-top-column elementor-element elementor-element-65ae307\" data-id=\"65ae307\" data-element_type=\"column\">\n\t\t\t<div class=\"elementor-widget-wrap elementor-element-populated\">\n\t\t\t\t\t\t<div class=\"elementor-element elementor-element-dcef120 elementor-widget elementor-widget-heading\" data-id=\"dcef120\" data-element_type=\"widget\" data-widget_type=\"heading.default\">\n\t\t\t\t<div class=\"elementor-widget-container\">\n\t\t\t<h3 class=\"elementor-heading-title elementor-size-default\">Les sites du mat\u00e9riel:<\/h3>\t\t<\/div>\n\t\t\t\t<\/div>\n\t\t\t\t<div class=\"elementor-element elementor-element-cc426e6 elementor-widget elementor-widget-text-editor\" data-id=\"cc426e6\" data-element_type=\"widget\" data-widget_type=\"text-editor.default\">\n\t\t\t\t<div class=\"elementor-widget-container\">\n\t\t\t\t\t\t\t<p><a href=\"https:\/\/www.amazon.fr\/gp\/product\/B075JG2MVS\/ref=ppx_yo_dt_b_asin_image_o02_s00?ie=UTF8&amp;psc=1\" target=\"_blank\" rel=\"noopener\">https:\/\/www.amazon.fr\/gp\/product\/B075JG2MVS\/ref=ppx_yo_dt_b_asin_image_o02_s00?ie=UTF8&amp;psc=1<\/a><br \/><a href=\"https:\/\/wiki.mchobby.be\/index.php?title=DRV8825\" target=\"_blank\" rel=\"noopener\">https:\/\/wiki.mchobby.be\/index.php?title=DRV8825<\/a><\/p>\t\t\t\t\t\t<\/div>\n\t\t\t\t<\/div>\n\t\t\t\t\t<\/div>\n\t\t<\/div>\n\t\t\t\t\t<\/div>\n\t\t<\/section>\n\t\t\t\t<section class=\"elementor-section elementor-top-section elementor-element elementor-element-7b3afad elementor-section-boxed elementor-section-height-default elementor-section-height-default\" data-id=\"7b3afad\" data-element_type=\"section\">\n\t\t\t\t\t\t<div class=\"elementor-container elementor-column-gap-default\">\n\t\t\t\t\t<div class=\"elementor-column elementor-col-100 elementor-top-column elementor-element elementor-element-5164a28\" data-id=\"5164a28\" data-element_type=\"column\">\n\t\t\t<div class=\"elementor-widget-wrap elementor-element-populated\">\n\t\t\t\t\t\t<div class=\"elementor-element elementor-element-45e08d1 elementor-widget elementor-widget-heading\" data-id=\"45e08d1\" data-element_type=\"widget\" data-widget_type=\"heading.default\">\n\t\t\t\t<div class=\"elementor-widget-container\">\n\t\t\t<h3 class=\"elementor-heading-title elementor-size-default\">Pense b\u00eate:<\/h3>\t\t<\/div>\n\t\t\t\t<\/div>\n\t\t\t\t<div class=\"elementor-element elementor-element-35a7e35 elementor-widget elementor-widget-text-editor\" data-id=\"35a7e35\" data-element_type=\"widget\" data-widget_type=\"text-editor.default\">\n\t\t\t\t<div class=\"elementor-widget-container\">\n\t\t\t\t\t\t\t<ul><li>Renommer les pic en une suite gr\u00e2ce \u00e0 PicRenomme<\/li><li>Compiler le film gr\u00e2ce \u00e0 ShotCut<ul><li>Bien v\u00e9rifier la vitesse de lecture (18 ou 24 FPS). Apr\u00e8s, ce ne sera plus modifiable<\/li><li>Recadrer la vid\u00e9o compl\u00e8te (Recadrage\u00a0 Source)<\/li><li>Si besoin, ajuster la couleur (Teinte\/Luminosit\u00e9\/Saturation)<\/li><li>D\u00e9couper tous les plans en faisant des transitions d&rsquo;1 ou 1\/2 seconde<\/li><li>Faire les entr\u00e9e &amp; sortie<\/li><li>Exporter la vid\u00e9o (R\u00e9solution HD: 1280&#215;720, High Profile, AVI)<\/li><li>Si besoin, stabiliser la video obtenue (Stabilisation)<\/li><\/ul><\/li><\/ul>\t\t\t\t\t\t<\/div>\n\t\t\t\t<\/div>\n\t\t\t\t\t<\/div>\n\t\t<\/div>\n\t\t\t\t\t<\/div>\n\t\t<\/section>\n\t\t\t\t<section class=\"elementor-section elementor-top-section elementor-element elementor-element-6da461b elementor-section-boxed elementor-section-height-default elementor-section-height-default\" data-id=\"6da461b\" data-element_type=\"section\">\n\t\t\t\t\t\t<div class=\"elementor-container elementor-column-gap-default\">\n\t\t\t\t\t<div class=\"elementor-column elementor-col-100 elementor-top-column elementor-element elementor-element-8f7bcaf\" data-id=\"8f7bcaf\" data-element_type=\"column\">\n\t\t\t<div class=\"elementor-widget-wrap elementor-element-populated\">\n\t\t\t\t\t\t<div class=\"elementor-element elementor-element-0011d35 elementor-widget elementor-widget-heading\" data-id=\"0011d35\" data-element_type=\"widget\" data-widget_type=\"heading.default\">\n\t\t\t\t<div class=\"elementor-widget-container\">\n\t\t\t<h3 class=\"elementor-heading-title elementor-size-default\">A faire:<\/h3>\t\t<\/div>\n\t\t\t\t<\/div>\n\t\t\t\t<div class=\"elementor-element elementor-element-eea65be elementor-widget elementor-widget-text-editor\" data-id=\"eea65be\" data-element_type=\"widget\" data-widget_type=\"text-editor.default\">\n\t\t\t\t<div class=\"elementor-widget-container\">\n\t\t\t\t\t\t\t<ul><li>Renforcer le support moteur pas \u00e0 pas (peut-\u00eatre suspendre depuis l&rsquo;ancien support capteur<\/li><li>Cr\u00e9er un serveur web pour les donn\u00e9es (tkinter, android&#8230;..)<\/li><li>Virer le gain auto de la cam\u00e9ra (une piste: <a href=\"https:\/\/gist.github.com\/rwb27\/a23808e9f4008b48de95692a38ddaa08\" target=\"_blank\" rel=\"noopener\">https:\/\/gist.github.com\/rwb27\/a23808e9f4008b48de95692a38ddaa08<\/a>)<\/li><\/ul>\t\t\t\t\t\t<\/div>\n\t\t\t\t<\/div>\n\t\t\t\t\t<\/div>\n\t\t<\/div>\n\t\t\t\t\t<\/div>\n\t\t<\/section>\n\t\t\t\t<section class=\"elementor-section elementor-top-section elementor-element elementor-element-c6e345e elementor-section-boxed elementor-section-height-default elementor-section-height-default\" data-id=\"c6e345e\" data-element_type=\"section\">\n\t\t\t\t\t\t<div class=\"elementor-container elementor-column-gap-default\">\n\t\t\t\t\t<div class=\"elementor-column elementor-col-100 elementor-top-column elementor-element elementor-element-9e2da8d\" data-id=\"9e2da8d\" data-element_type=\"column\">\n\t\t\t<div class=\"elementor-widget-wrap elementor-element-populated\">\n\t\t\t\t\t\t<div class=\"elementor-element elementor-element-c86d7fd elementor-widget elementor-widget-heading\" data-id=\"c86d7fd\" data-element_type=\"widget\" data-widget_type=\"heading.default\">\n\t\t\t\t<div class=\"elementor-widget-container\">\n\t\t\t<h3 class=\"elementor-heading-title elementor-size-default\">Le mat\u00e9riel:<\/h3>\t\t<\/div>\n\t\t\t\t<\/div>\n\t\t\t\t<div class=\"elementor-element elementor-element-54ddabf elementor-widget elementor-widget-text-editor\" data-id=\"54ddabf\" data-element_type=\"widget\" data-widget_type=\"text-editor.default\">\n\t\t\t\t<div class=\"elementor-widget-container\">\n\t\t\t\t\t\t\t<ul>\n<li>Raspberry (Pi 4 ou Pi z\u00e9ro 2 W) et sa carte SD &#8211; L&rsquo;actuelle&nbsp; est une 32Go<\/li>\n<li>Moteur pas \u00e0 pas &#8211; <a href=\"https:\/\/www.amazon.fr\/gp\/product\/B075JG2MVS\/ref=ppx_yo_dt_b_asin_image_o02_s00?ie=UTF8&amp;psc=1\" target=\"_blank\" rel=\"noopener\">https:\/\/www.amazon.fr\/gp\/product\/B075JG2MVS\/ref=ppx_yo_dt_b_asin_image_o02_s00?ie=UTF8&amp;psc=1<\/a><\/li>\n<li>Driver de moteur &#8211; <a href=\"https:\/\/www.amazon.fr\/gp\/product\/B0798JCY93\/ref=ppx_yo_dt_b_asin_title_o05_s00?ie=UTF8&amp;psc=1\" target=\"_blank\" rel=\"noopener\">https:\/\/www.amazon.fr\/gp\/product\/B0798JCY93\/ref=ppx_yo_dt_b_asin_title_o05_s00?ie=UTF8&amp;psc=1<\/a><\/li>\n<li>1 alimentation AC\/DC &#8211; L&rsquo;actuelle&nbsp; est une alim 220\/12V<\/li>\n<li>2 Alimentations (pour 12 &amp; 5 V) &#8211; <a href=\"https:\/\/www.amazon.fr\/gp\/product\/B07K3W78SQ\/ref=ppx_yo_dt_b_asin_image_o00_s00?ie=UTF8&amp;psc=1\" target=\"_blank\" rel=\"noopener\">https:\/\/www.amazon.fr\/gp\/product\/B07K3W78SQ\/ref=ppx_yo_dt_b_asin_image_o00_s00?ie=UTF8&amp;psc=1<\/a><\/li>\n<li>3 relais (Puissance du moteur, Ventilateur &amp; Lampe) &#8211; <a href=\"https:\/\/www.amazon.fr\/gp\/product\/B00ZR3B252\/ref=ppx_yo_dt_b_asin_image_o00_s00?ie=UTF8&amp;psc=1\" target=\"_blank\" rel=\"noopener\">https:\/\/www.amazon.fr\/gp\/product\/B00ZR3B252\/ref=ppx_yo_dt_b_asin_image_o00_s00?ie=UTF8&amp;psc=1<\/a><\/li>\n<li>1 cam\u00e9ra &#8211; <a href=\"https:\/\/www.amazon.fr\/gp\/product\/B01M1BZXJQ\/ref=ppx_yo_dt_b_asin_title_o04_s00?ie=UTF8&amp;psc=1\" target=\"_blank\" rel=\"noopener\">https:\/\/www.amazon.fr\/gp\/product\/B01M1BZXJQ\/ref=ppx_yo_dt_b_asin_title_o04_s00?ie=UTF8&amp;psc=1<\/a><\/li>\n<li>1 capteur &#8211; Genre <a href=\"https:\/\/www.amazon.fr\/Heschen-Switch-V-156-1-C25-Spdt-Roller-250-VAC\/dp\/B073LY6RN4\/ref=psdc_5866110031_t1_B07F9QKTQQ\" target=\"_blank\" rel=\"noopener\">https:\/\/www.amazon.fr\/Heschen-Switch-V-156-1-C25-Spdt-Roller-250-VAC\/dp\/B073LY6RN4\/ref=psdc_5866110031_t1_B07F9QKTQQ<\/a><\/li>\n<\/ul>\t\t\t\t\t\t<\/div>\n\t\t\t\t<\/div>\n\t\t\t\t\t<\/div>\n\t\t<\/div>\n\t\t\t\t\t<\/div>\n\t\t<\/section>\n\t\t\t\t<section class=\"elementor-section elementor-top-section elementor-element elementor-element-d243c4c elementor-section-boxed elementor-section-height-default elementor-section-height-default\" data-id=\"d243c4c\" data-element_type=\"section\">\n\t\t\t\t\t\t<div class=\"elementor-container elementor-column-gap-default\">\n\t\t\t\t\t<div class=\"elementor-column elementor-col-100 elementor-top-column elementor-element elementor-element-11abe96\" data-id=\"11abe96\" data-element_type=\"column\">\n\t\t\t<div class=\"elementor-widget-wrap elementor-element-populated\">\n\t\t\t\t\t\t<div class=\"elementor-element elementor-element-9e3ad68 elementor-widget elementor-widget-heading\" data-id=\"9e3ad68\" data-element_type=\"widget\" data-widget_type=\"heading.default\">\n\t\t\t\t<div class=\"elementor-widget-container\">\n\t\t\t<h3 class=\"elementor-heading-title elementor-size-default\">Le c\u00e2blage:<\/h3>\t\t<\/div>\n\t\t\t\t<\/div>\n\t\t\t\t<section class=\"elementor-section elementor-inner-section elementor-element elementor-element-155163d elementor-section-boxed elementor-section-height-default elementor-section-height-default\" data-id=\"155163d\" data-element_type=\"section\">\n\t\t\t\t\t\t<div class=\"elementor-container elementor-column-gap-default\">\n\t\t\t\t\t<div class=\"elementor-column elementor-col-100 elementor-inner-column elementor-element elementor-element-b8a1267\" data-id=\"b8a1267\" data-element_type=\"column\">\n\t\t\t<div class=\"elementor-widget-wrap elementor-element-populated\">\n\t\t\t\t\t\t<div class=\"elementor-element elementor-element-b3a52da elementor-widget elementor-widget-image\" data-id=\"b3a52da\" data-element_type=\"widget\" data-widget_type=\"image.default\">\n\t\t\t\t<div class=\"elementor-widget-container\">\n\t\t\t\t\t\t\t\t\t\t\t\t\t<img fetchpriority=\"high\" decoding=\"async\" width=\"613\" height=\"291\" src=\"https:\/\/lesmrdtrucs.mataf35400.fr\/wp-content\/uploads\/2023\/07\/DRV8825-driver-du-moteur.jpg\" class=\"elementor-animation-grow attachment-full size-full wp-image-2150\" alt=\"\" srcset=\"https:\/\/lesmrdtrucs.mataf35400.fr\/wp-content\/uploads\/2023\/07\/DRV8825-driver-du-moteur.jpg 613w, https:\/\/lesmrdtrucs.mataf35400.fr\/wp-content\/uploads\/2023\/07\/DRV8825-driver-du-moteur-300x142.jpg 300w\" sizes=\"(max-width: 613px) 100vw, 613px\" \/>\t\t\t\t\t\t\t\t\t\t\t\t\t<\/div>\n\t\t\t\t<\/div>\n\t\t\t\t<div class=\"elementor-element elementor-element-b9ba144 elementor-widget elementor-widget-image\" data-id=\"b9ba144\" data-element_type=\"widget\" data-widget_type=\"image.default\">\n\t\t\t\t<div class=\"elementor-widget-container\">\n\t\t\t\t\t\t\t\t\t\t\t\t\t<img decoding=\"async\" width=\"596\" height=\"590\" src=\"https:\/\/lesmrdtrucs.mataf35400.fr\/wp-content\/uploads\/2023\/07\/Nema-17-moteur-pas-a-pas-1.jpg\" class=\"elementor-animation-grow attachment-full size-full wp-image-2151\" alt=\"\" srcset=\"https:\/\/lesmrdtrucs.mataf35400.fr\/wp-content\/uploads\/2023\/07\/Nema-17-moteur-pas-a-pas-1.jpg 596w, https:\/\/lesmrdtrucs.mataf35400.fr\/wp-content\/uploads\/2023\/07\/Nema-17-moteur-pas-a-pas-1-300x297.jpg 300w\" sizes=\"(max-width: 596px) 100vw, 596px\" \/>\t\t\t\t\t\t\t\t\t\t\t\t\t<\/div>\n\t\t\t\t<\/div>\n\t\t\t\t\t<\/div>\n\t\t<\/div>\n\t\t\t\t\t<\/div>\n\t\t<\/section>\n\t\t\t\t\t<\/div>\n\t\t<\/div>\n\t\t\t\t\t<\/div>\n\t\t<\/section>\n\t\t\t\t<\/div>\n\t\t","protected":false},"excerpt":{"rendered":"<p>Les sites du mat\u00e9riel: https:\/\/www.amazon.fr\/gp\/product\/B075JG2MVS\/ref=ppx_yo_dt_b_asin_image_o02_s00?ie=UTF8&amp;psc=1https:\/\/wiki.mchobby.be\/index.php?title=DRV8825 Pense b\u00eate: Renommer les pic en une suite gr\u00e2ce \u00e0 PicRenomme Compiler le film gr\u00e2ce \u00e0 ShotCut Bien v\u00e9rifier la vitesse de lecture (18 ou 24 FPS). Apr\u00e8s, ce ne sera plus modifiable Recadrer la vid\u00e9o compl\u00e8te (Recadrage\u00a0 Source) Si besoin, ajuster la couleur (Teinte\/Luminosit\u00e9\/Saturation) D\u00e9couper tous les plans en [&hellip;]<\/p>\n","protected":false},"author":1,"featured_media":0,"parent":0,"menu_order":0,"comment_status":"closed","ping_status":"closed","template":"","meta":{"ocean_post_layout":"","ocean_both_sidebars_style":"","ocean_both_sidebars_content_width":0,"ocean_both_sidebars_sidebars_width":0,"ocean_sidebar":"0","ocean_second_sidebar":"0","ocean_disable_margins":"enable","ocean_add_body_class":"","ocean_shortcode_before_top_bar":"","ocean_shortcode_after_top_bar":"","ocean_shortcode_before_header":"","ocean_shortcode_after_header":"","ocean_has_shortcode":"","ocean_shortcode_after_title":"","ocean_shortcode_before_footer_widgets":"","ocean_shortcode_after_footer_widgets":"","ocean_shortcode_before_footer_bottom":"","ocean_shortcode_after_footer_bottom":"","ocean_display_top_bar":"default","ocean_display_header":"default","ocean_header_style":"","ocean_center_header_left_menu":"0","ocean_custom_header_template":"0","ocean_custom_logo":0,"ocean_custom_retina_logo":0,"ocean_custom_logo_max_width":0,"ocean_custom_logo_tablet_max_width":0,"ocean_custom_logo_mobile_max_width":0,"ocean_custom_logo_max_height":0,"ocean_custom_logo_tablet_max_height":0,"ocean_custom_logo_mobile_max_height":0,"ocean_header_custom_menu":"0","ocean_menu_typo_font_family":"0","ocean_menu_typo_font_subset":"","ocean_menu_typo_font_size":0,"ocean_menu_typo_font_size_tablet":0,"ocean_menu_typo_font_size_mobile":0,"ocean_menu_typo_font_size_unit":"px","ocean_menu_typo_font_weight":"","ocean_menu_typo_font_weight_tablet":"","ocean_menu_typo_font_weight_mobile":"","ocean_menu_typo_transform":"","ocean_menu_typo_transform_tablet":"","ocean_menu_typo_transform_mobile":"","ocean_menu_typo_line_height":0,"ocean_menu_typo_line_height_tablet":0,"ocean_menu_typo_line_height_mobile":0,"ocean_menu_typo_line_height_unit":"","ocean_menu_typo_spacing":0,"ocean_menu_typo_spacing_tablet":0,"ocean_menu_typo_spacing_mobile":0,"ocean_menu_typo_spacing_unit":"","ocean_menu_link_color":"","ocean_menu_link_color_hover":"","ocean_menu_link_color_active":"","ocean_menu_link_background":"","ocean_menu_link_hover_background":"","ocean_menu_link_active_background":"","ocean_menu_social_links_bg":"","ocean_menu_social_hover_links_bg":"","ocean_menu_social_links_color":"","ocean_menu_social_hover_links_color":"","ocean_disable_title":"default","ocean_disable_heading":"default","ocean_post_title":"","ocean_post_subheading":"","ocean_post_title_style":"","ocean_post_title_background_color":"","ocean_post_title_background":0,"ocean_post_title_bg_image_position":"","ocean_post_title_bg_image_attachment":"","ocean_post_title_bg_image_repeat":"","ocean_post_title_bg_image_size":"","ocean_post_title_height":0,"ocean_post_title_bg_overlay":0.5,"ocean_post_title_bg_overlay_color":"","ocean_disable_breadcrumbs":"default","ocean_breadcrumbs_color":"","ocean_breadcrumbs_separator_color":"","ocean_breadcrumbs_links_color":"","ocean_breadcrumbs_links_hover_color":"","ocean_display_footer_widgets":"default","ocean_display_footer_bottom":"default","ocean_custom_footer_template":"0","footnotes":""},"class_list":["post-2144","page","type-page","status-publish","hentry","entry"],"_links":{"self":[{"href":"https:\/\/lesmrdtrucs.mataf35400.fr\/index.php\/wp-json\/wp\/v2\/pages\/2144","targetHints":{"allow":["GET"]}}],"collection":[{"href":"https:\/\/lesmrdtrucs.mataf35400.fr\/index.php\/wp-json\/wp\/v2\/pages"}],"about":[{"href":"https:\/\/lesmrdtrucs.mataf35400.fr\/index.php\/wp-json\/wp\/v2\/types\/page"}],"author":[{"embeddable":true,"href":"https:\/\/lesmrdtrucs.mataf35400.fr\/index.php\/wp-json\/wp\/v2\/users\/1"}],"replies":[{"embeddable":true,"href":"https:\/\/lesmrdtrucs.mataf35400.fr\/index.php\/wp-json\/wp\/v2\/comments?post=2144"}],"version-history":[{"count":22,"href":"https:\/\/lesmrdtrucs.mataf35400.fr\/index.php\/wp-json\/wp\/v2\/pages\/2144\/revisions"}],"predecessor-version":[{"id":2369,"href":"https:\/\/lesmrdtrucs.mataf35400.fr\/index.php\/wp-json\/wp\/v2\/pages\/2144\/revisions\/2369"}],"wp:attachment":[{"href":"https:\/\/lesmrdtrucs.mataf35400.fr\/index.php\/wp-json\/wp\/v2\/media?parent=2144"}],"curies":[{"name":"wp","href":"https:\/\/api.w.org\/{rel}","templated":true}]}}