{"id":1792,"date":"2022-12-20T11:51:01","date_gmt":"2022-12-20T10:51:01","guid":{"rendered":"http:\/\/lesmrdtrucs.mataf35400.fr\/?page_id=1792"},"modified":"2022-12-21T09:43:40","modified_gmt":"2022-12-21T08:43:40","slug":"virtual-regatta","status":"publish","type":"page","link":"https:\/\/lesmrdtrucs.mataf35400.fr\/index.php\/virtual-regatta\/","title":{"rendered":"Virtual Regatta\u200b"},"content":{"rendered":"\t\t<div data-elementor-type=\"wp-page\" data-elementor-id=\"1792\" class=\"elementor elementor-1792\">\n\t\t\t\t\t\t<section class=\"elementor-section elementor-top-section elementor-element elementor-element-68c479c6 elementor-section-boxed elementor-section-height-default elementor-section-height-default\" data-id=\"68c479c6\" data-element_type=\"section\">\n\t\t\t\t\t\t<div class=\"elementor-container elementor-column-gap-default\">\n\t\t\t\t\t<div class=\"elementor-column elementor-col-100 elementor-top-column elementor-element elementor-element-7908c19a\" data-id=\"7908c19a\" data-element_type=\"column\">\n\t\t\t<div class=\"elementor-widget-wrap elementor-element-populated\">\n\t\t\t\t\t\t<div class=\"elementor-element elementor-element-51c769ac elementor-widget elementor-widget-text-editor\" data-id=\"51c769ac\" data-element_type=\"widget\" data-widget_type=\"text-editor.default\">\n\t\t\t\t<div class=\"elementor-widget-container\">\n\t\t\t\t\t\t\t<h2>IDENTIFICATIONS<\/h2><h3>Bateau perso<\/h3><ul><li>Langue de la page VR: <span style=\"color: #0000ff;\"><em>fran\u00e7ais<\/em><\/span><\/li><li>ID pour Mataf35400: <span style=\"color: #0000ff;\"><em>mataf35400-mdp@yahoo.fr<\/em><\/span><\/li><li>MDP pour Mataf35400: <span style=\"color: #0000ff;\"><em>MVR<\/em><\/span><\/li><\/ul><h3>Bateau pour les courses ASSUP<\/h3><ul><li>Langue de la page VR: <span style=\"color: #0000ff;\"><em>anglais<\/em><\/span><\/li><li>ID pour ASSUP-M\u00e9line: <span style=\"color: #0000ff;\"><em>mataf35400-rdr2018@yahoo.com<\/em><\/span><\/li><li>MDP pour ASSUP-M\u00e9line: <span style=\"color: #0000ff;\"><em>MVR<\/em><\/span><\/li><li>Clef d&rsquo;acc\u00e8s au Team ASSUP Malo:<span style=\"color: #0000ff;\"><em> MaloYachtClub<\/em><\/span><\/li><\/ul><h3>Bateau pour pouvoir visualiser une course sans vraiment participer<\/h3><ul><li>Langue de la page VR: <span style=\"color: #0000ff;\"><em>espagnol<\/em><\/span><\/li><li>ID pour JustePourVoir: <span style=\"color: #0000ff;\"><em>mataf35400-vr@yahoo.com<\/em><\/span><\/li><li>MDP pour JustePourVoir: <span style=\"color: #0000ff;\"><em>MVR<\/em><\/span><\/li><\/ul>\t\t\t\t\t\t<\/div>\n\t\t\t\t<\/div>\n\t\t\t\t\t<\/div>\n\t\t<\/div>\n\t\t\t\t\t<\/div>\n\t\t<\/section>\n\t\t\t\t<section class=\"elementor-section elementor-top-section elementor-element elementor-element-ee9e9d8 elementor-section-boxed elementor-section-height-default elementor-section-height-default\" data-id=\"ee9e9d8\" data-element_type=\"section\">\n\t\t\t\t\t\t<div class=\"elementor-container elementor-column-gap-default\">\n\t\t\t\t\t<div class=\"elementor-column elementor-col-100 elementor-top-column elementor-element elementor-element-f4fc86a\" data-id=\"f4fc86a\" data-element_type=\"column\">\n\t\t\t<div class=\"elementor-widget-wrap elementor-element-populated\">\n\t\t\t\t\t\t<div class=\"elementor-element elementor-element-4ca30b0 elementor-widget elementor-widget-text-editor\" data-id=\"4ca30b0\" data-element_type=\"widget\" data-widget_type=\"text-editor.default\">\n\t\t\t\t<div class=\"elementor-widget-container\">\n\t\t\t\t\t\t\t<h2>NAVIGATION AVEC PLUSIEURS BATEAUX<\/h2><h3>Si les diff\u00e9rents bateaux ont le m\u00eame pseudo<\/h3><p style=\"padding-left: 40px;\">Il suffit de changer de course. Pas besoin de d\u00e9connexion.<\/p><h3>Si les diff\u00e9rents bateaux n&rsquo;ont pas le m\u00eame pseudo (Ex: Mataf35400 &amp; ASSUP-M\u00e9line)<\/h3><p style=\"padding-left: 40px;\">Il n&rsquo;est pas n\u00e9cessaire de se d\u00e9connecter. Il suffit de changer le langage du site VR. En effet, chaque langage a sa propre identification.<\/p><p style=\"padding-left: 40px;\">On peut avoir autant de bateaux qu&rsquo;il y a de langages disponibles (3 le 09\/11\/2019).<\/p>\t\t\t\t\t\t<\/div>\n\t\t\t\t<\/div>\n\t\t\t\t\t<\/div>\n\t\t<\/div>\n\t\t\t\t\t<\/div>\n\t\t<\/section>\n\t\t\t\t<section class=\"elementor-section elementor-top-section elementor-element elementor-element-e243b77 elementor-section-boxed elementor-section-height-default elementor-section-height-default\" data-id=\"e243b77\" data-element_type=\"section\">\n\t\t\t\t\t\t<div class=\"elementor-container elementor-column-gap-default\">\n\t\t\t\t\t<div class=\"elementor-column elementor-col-100 elementor-top-column elementor-element elementor-element-b81068e\" data-id=\"b81068e\" data-element_type=\"column\">\n\t\t\t<div class=\"elementor-widget-wrap elementor-element-populated\">\n\t\t\t\t\t\t<div class=\"elementor-element elementor-element-9c25d70 elementor-widget elementor-widget-text-editor\" data-id=\"9c25d70\" data-element_type=\"widget\" data-widget_type=\"text-editor.default\">\n\t\t\t\t<div class=\"elementor-widget-container\">\n\t\t\t\t\t\t\t<h2>ROUTAGE<\/h2><p>Utiliser Chrome avec l&rsquo;extension \u00ab\u00a0VR Dashboard\u00a0\u00bb.<\/p><p style=\"padding-left: 40px;\">Cette extension a \u00e9t\u00e9 cr\u00e9\u00e9e par <a href=\"http:\/\/www.google.com\/url?q=http%3A%2F%2Fzezo.org%2F&amp;sa=D&amp;sntz=1&amp;usg=AOvVaw3M6C0RW8sDStboSDZZCjmn\" target=\"_blank\" rel=\"noopener\">Zezo<\/a>. Elle utilise les m\u00eames fichiers grib que VR. Une fois install\u00e9e, cliquer sur le <strong><span style=\"color: #ff0000;\">Z<\/span><\/strong> \u00e0 droite de la barre d&rsquo;outils, et ne pas fermer la banni\u00e8re de d\u00e9bogage.<\/p><p style=\"padding-left: 40px;\">Une fois connect\u00e9e \u00e0 <a href=\"https:\/\/www.virtualregatta.com\/fr\/offshore-jeu\/\" target=\"_blank\" rel=\"noopener\">VR<\/a>, elle reconnait toutes les courses VR dans lesquelles le bateau est engag\u00e9.<\/p><p style=\"padding-left: 40px;\">Toujours dans Chrome, ouvrir VR.<\/p><p style=\"padding-left: 40px;\">A chaque ouverture d&rsquo;une course (clic dans l&rsquo;image de la course de la page d&rsquo;accueil de VR), l&rsquo;onglet de routage se met \u00e0 jour y compris la position du bateau. Il n&rsquo;y a plus qu&rsquo;\u00e0 reporter le cap dans VR.<\/p><p><b>Nota<\/b>: Les fichiers grib peuvent \u00eatre t\u00e9l\u00e9charg\u00e9s sur: <a href=\"http:\/\/zezo.org\/grib\/gribv1\/all.grib\" target=\"_blank\" rel=\"noopener\">http:\/\/zezo.org\/grib\/gribv1\/all.grib<\/a>.<\/p>\t\t\t\t\t\t<\/div>\n\t\t\t\t<\/div>\n\t\t\t\t\t<\/div>\n\t\t<\/div>\n\t\t\t\t\t<\/div>\n\t\t<\/section>\n\t\t\t\t<section class=\"elementor-section elementor-top-section elementor-element elementor-element-37b7c97 elementor-section-boxed elementor-section-height-default elementor-section-height-default\" data-id=\"37b7c97\" data-element_type=\"section\">\n\t\t\t\t\t\t<div class=\"elementor-container elementor-column-gap-default\">\n\t\t\t\t\t<div class=\"elementor-column elementor-col-100 elementor-top-column elementor-element elementor-element-26feee2\" data-id=\"26feee2\" data-element_type=\"column\">\n\t\t\t<div class=\"elementor-widget-wrap elementor-element-populated\">\n\t\t\t\t\t\t<div class=\"elementor-element elementor-element-356c322 elementor-widget elementor-widget-text-editor\" data-id=\"356c322\" data-element_type=\"widget\" data-widget_type=\"text-editor.default\">\n\t\t\t\t<div class=\"elementor-widget-container\">\n\t\t\t\t\t\t\t<h2>POLAIRES<\/h2><ul><li><a href=\"http:\/\/marins-eau-douce.forumactif.org\/h11-polaires\" target=\"_blank\" rel=\"noopener\">http:\/\/marins-eau-douce.forumactif.org\/h11-polaires<\/a><\/li><li><a href=\"http:\/\/gwranking.forumactif.org\/h10-outils-pour-vrtool\" target=\"_blank\" rel=\"noopener\">http:\/\/gwranking.forumactif.org\/h10-outils-pour-vrtool<\/a> (peut-\u00eatre obsol\u00e8te)<\/li><\/ul><h3>Chemin des polaires chez MRD:<\/h3><p style=\"padding-left: 40px;\">C:\\Users\\MrdTosh\\Dropbox\\Progs de Navigation\\polaires\\Polaires<\/p>\t\t\t\t\t\t<\/div>\n\t\t\t\t<\/div>\n\t\t\t\t\t<\/div>\n\t\t<\/div>\n\t\t\t\t\t<\/div>\n\t\t<\/section>\n\t\t\t\t<\/div>\n\t\t","protected":false},"excerpt":{"rendered":"<p>IDENTIFICATIONS Bateau perso Langue de la page VR: fran\u00e7ais ID pour Mataf35400: mataf35400-mdp@yahoo.fr MDP pour Mataf35400: MVR Bateau pour les courses ASSUP Langue de la page VR: anglais ID pour ASSUP-M\u00e9line: mataf35400-rdr2018@yahoo.com MDP pour ASSUP-M\u00e9line: MVR Clef d&rsquo;acc\u00e8s au Team ASSUP Malo: MaloYachtClub Bateau pour pouvoir visualiser une course sans vraiment participer Langue de la [&hellip;]<\/p>\n","protected":false},"author":1,"featured_media":0,"parent":0,"menu_order":0,"comment_status":"closed","ping_status":"closed","template":"","meta":{"ocean_post_layout":"","ocean_both_sidebars_style":"","ocean_both_sidebars_content_width":0,"ocean_both_sidebars_sidebars_width":0,"ocean_sidebar":"0","ocean_second_sidebar":"0","ocean_disable_margins":"enable","ocean_add_body_class":"","ocean_shortcode_before_top_bar":"","ocean_shortcode_after_top_bar":"","ocean_shortcode_before_header":"","ocean_shortcode_after_header":"","ocean_has_shortcode":"","ocean_shortcode_after_title":"","ocean_shortcode_before_footer_widgets":"","ocean_shortcode_after_footer_widgets":"","ocean_shortcode_before_footer_bottom":"","ocean_shortcode_after_footer_bottom":"","ocean_display_top_bar":"default","ocean_display_header":"default","ocean_header_style":"","ocean_center_header_left_menu":"0","ocean_custom_header_template":"0","ocean_custom_logo":0,"ocean_custom_retina_logo":0,"ocean_custom_logo_max_width":0,"ocean_custom_logo_tablet_max_width":0,"ocean_custom_logo_mobile_max_width":0,"ocean_custom_logo_max_height":0,"ocean_custom_logo_tablet_max_height":0,"ocean_custom_logo_mobile_max_height":0,"ocean_header_custom_menu":"0","ocean_menu_typo_font_family":"0","ocean_menu_typo_font_subset":"","ocean_menu_typo_font_size":0,"ocean_menu_typo_font_size_tablet":0,"ocean_menu_typo_font_size_mobile":0,"ocean_menu_typo_font_size_unit":"px","ocean_menu_typo_font_weight":"","ocean_menu_typo_font_weight_tablet":"","ocean_menu_typo_font_weight_mobile":"","ocean_menu_typo_transform":"","ocean_menu_typo_transform_tablet":"","ocean_menu_typo_transform_mobile":"","ocean_menu_typo_line_height":0,"ocean_menu_typo_line_height_tablet":0,"ocean_menu_typo_line_height_mobile":0,"ocean_menu_typo_line_height_unit":"","ocean_menu_typo_spacing":0,"ocean_menu_typo_spacing_tablet":0,"ocean_menu_typo_spacing_mobile":0,"ocean_menu_typo_spacing_unit":"","ocean_menu_link_color":"","ocean_menu_link_color_hover":"","ocean_menu_link_color_active":"","ocean_menu_link_background":"","ocean_menu_link_hover_background":"","ocean_menu_link_active_background":"","ocean_menu_social_links_bg":"","ocean_menu_social_hover_links_bg":"","ocean_menu_social_links_color":"","ocean_menu_social_hover_links_color":"","ocean_disable_title":"default","ocean_disable_heading":"default","ocean_post_title":"","ocean_post_subheading":"","ocean_post_title_style":"","ocean_post_title_background_color":"","ocean_post_title_background":0,"ocean_post_title_bg_image_position":"","ocean_post_title_bg_image_attachment":"","ocean_post_title_bg_image_repeat":"","ocean_post_title_bg_image_size":"","ocean_post_title_height":0,"ocean_post_title_bg_overlay":0.5,"ocean_post_title_bg_overlay_color":"","ocean_disable_breadcrumbs":"default","ocean_breadcrumbs_color":"","ocean_breadcrumbs_separator_color":"","ocean_breadcrumbs_links_color":"","ocean_breadcrumbs_links_hover_color":"","ocean_display_footer_widgets":"default","ocean_display_footer_bottom":"default","ocean_custom_footer_template":"0","footnotes":""},"class_list":["post-1792","page","type-page","status-publish","hentry","entry"],"_links":{"self":[{"href":"https:\/\/lesmrdtrucs.mataf35400.fr\/index.php\/wp-json\/wp\/v2\/pages\/1792","targetHints":{"allow":["GET"]}}],"collection":[{"href":"https:\/\/lesmrdtrucs.mataf35400.fr\/index.php\/wp-json\/wp\/v2\/pages"}],"about":[{"href":"https:\/\/lesmrdtrucs.mataf35400.fr\/index.php\/wp-json\/wp\/v2\/types\/page"}],"author":[{"embeddable":true,"href":"https:\/\/lesmrdtrucs.mataf35400.fr\/index.php\/wp-json\/wp\/v2\/users\/1"}],"replies":[{"embeddable":true,"href":"https:\/\/lesmrdtrucs.mataf35400.fr\/index.php\/wp-json\/wp\/v2\/comments?post=1792"}],"version-history":[{"count":10,"href":"https:\/\/lesmrdtrucs.mataf35400.fr\/index.php\/wp-json\/wp\/v2\/pages\/1792\/revisions"}],"predecessor-version":[{"id":1819,"href":"https:\/\/lesmrdtrucs.mataf35400.fr\/index.php\/wp-json\/wp\/v2\/pages\/1792\/revisions\/1819"}],"wp:attachment":[{"href":"https:\/\/lesmrdtrucs.mataf35400.fr\/index.php\/wp-json\/wp\/v2\/media?parent=1792"}],"curies":[{"name":"wp","href":"https:\/\/api.w.org\/{rel}","templated":true}]}}