{"id":1674,"date":"2022-12-19T06:05:05","date_gmt":"2022-12-19T05:05:05","guid":{"rendered":"http:\/\/lesmrdtrucs.mataf35400.fr\/?page_id=1674"},"modified":"2022-12-19T06:16:43","modified_gmt":"2022-12-19T05:16:43","slug":"pctopc-parallele-type-fx-ou-ll3","status":"publish","type":"page","link":"https:\/\/lesmrdtrucs.mataf35400.fr\/index.php\/pctopc-parallele-type-fx-ou-ll3\/","title":{"rendered":"PcToPc Parall\u00e8le (type FX ou LL3)\u200b"},"content":{"rendered":"\t\t<div data-elementor-type=\"wp-page\" data-elementor-id=\"1674\" class=\"elementor elementor-1674\">\n\t\t\t\t\t\t<section class=\"elementor-section elementor-top-section elementor-element elementor-element-2e2f2a5b elementor-section-boxed elementor-section-height-default elementor-section-height-default\" data-id=\"2e2f2a5b\" data-element_type=\"section\">\n\t\t\t\t\t\t<div class=\"elementor-container elementor-column-gap-default\">\n\t\t\t\t\t<div class=\"elementor-column elementor-col-100 elementor-top-column elementor-element elementor-element-1d99db92\" data-id=\"1d99db92\" data-element_type=\"column\">\n\t\t\t<div class=\"elementor-widget-wrap elementor-element-populated\">\n\t\t\t\t\t\t<div class=\"elementor-element elementor-element-2f8f809a elementor-widget elementor-widget-image\" data-id=\"2f8f809a\" data-element_type=\"widget\" data-widget_type=\"image.default\">\n\t\t\t\t<div class=\"elementor-widget-container\">\n\t\t\t\t\t\t\t\t\t\t\t\t\t<img fetchpriority=\"high\" decoding=\"async\" width=\"652\" height=\"369\" src=\"https:\/\/lesmrdtrucs.mataf35400.fr\/wp-content\/uploads\/2022\/12\/Image34.png\" class=\"elementor-animation-grow attachment-full size-full wp-image-1680\" alt=\"\" srcset=\"https:\/\/lesmrdtrucs.mataf35400.fr\/wp-content\/uploads\/2022\/12\/Image34.png 652w, https:\/\/lesmrdtrucs.mataf35400.fr\/wp-content\/uploads\/2022\/12\/Image34-300x170.png 300w\" sizes=\"(max-width: 652px) 100vw, 652px\" \/>\t\t\t\t\t\t\t\t\t\t\t\t\t<\/div>\n\t\t\t\t<\/div>\n\t\t\t\t<div class=\"elementor-element elementor-element-5156adc9 elementor-widget elementor-widget-text-editor\" data-id=\"5156adc9\" data-element_type=\"widget\" data-widget_type=\"text-editor.default\">\n\t\t\t\t<div class=\"elementor-widget-container\">\n\t\t\t\t\t\t\t<p>Sur le c\u00e2blage de Fernando, les broches 18 \u00e0 24 \u00e9taient libres.<\/p><h3>Utilisation de commandes DOS:<\/h3><p>Ce proc\u00e9d\u00e9 utilise un protocole r\u00e9seau particulier, le protocole PLIP. Celui-ci doit avoir \u00e9t\u00e9 inclus dans le kernel, ou du moins \u00eatre disponible sous forme de module. Essayez la commande (en tant que root, ainsi que pour les autres) :<\/p><p style=\"padding-left: 40px;\"><span style=\"color: #0000ff;\"><em>insmod plip<\/em><\/span><\/p><p>Si rien ne s&rsquo;affiche, ou une r\u00e9f\u00e9rence indiquant quel port parall\u00e8le a \u00e9t\u00e9 d\u00e9tect\u00e9, tout est pour le mieux. Si un message s&rsquo;affiche disant qu&rsquo;un module du m\u00eame nom existe d\u00e9j\u00e0, c&rsquo;est parfait. Si par contre, le message indique un conflit avec d&rsquo;autres modules, alors tout va mal : cela signifie que le module plip ne peut pas prendre le contr\u00f4le du mat\u00e9riel \u00e0 cause d&rsquo;une autre partie du kernel qui l&rsquo;utilise aussi. C&rsquo;est le cas si, par exemple, vous avez inclu le contr\u00f4le des imprimantes dans le kernel, plut\u00f4t que de le compiler en module. La seule solution consiste \u00e0 recompiler le kernel, en mettant en module tout ce qui se rapporte au port parall\u00e8le.<\/p><p>Bien, supposons que le module plip se charge sans trop se plaindre. Ex\u00e9cutez alors la commande suivante, sur l&rsquo;une des deux machines :<\/p><p style=\"padding-left: 40px;\"><span style=\"color: #0000ff;\"><em>ifconfig plip0 10.0.0.10 pointopoint 10.0.0.11 up<\/em><\/span><\/p><p>o\u00f9 :<\/p><p style=\"padding-left: 40px;\"><span style=\"color: #0000ff;\"><em>plip0<br \/><\/em><\/span>est le nom de l&rsquo;interface r\u00e9seau utilis\u00e9e. Il est possible que la commande renvoie un message d&rsquo;erreur, indiquant que plip0 n&rsquo;existe pas ou que le p\u00e9riph\u00e9rique ne supporte pas cette fonction. R\u00e9essayez avec plip1, plip2&#8230; jusqu&rsquo;\u00e0 trouver la bonne.<\/p><p style=\"padding-left: 40px;\"><span style=\"color: #0000ff;\"><em>10.0.0.10<br \/><\/em><\/span>est l&rsquo;adresse IP attribu\u00e9e \u00e0 la machine sur laquelle on ex\u00e9cute la commande.<\/p><p style=\"padding-left: 40px;\"><span style=\"color: #0000ff;\"><em>10.0.0.11<br \/><\/em><\/span>est l&rsquo;adresse IP attribu\u00e9e \u00e0 l&rsquo;autre machine.<\/p><p>Vous pouvez bien s\u00fbr indiquer d&rsquo;autres adresses IP, celles-ci ne sont que des exemples.<br \/>Lorsque cela fonctionne, entrez la commande : <span style=\"color: #0000ff;\"><em>route add 10.0.0.11 plip0<\/em><\/span> pour mettre \u00e0 jour la table de routage, et permettre \u00e0 la machine de savoir comment acc\u00e9der \u00e0 l&rsquo;autre.<\/p><p>Passons \u00e0 l&rsquo;autre machine. Les commandes sont les m\u00eames, mais en intervertissant les adresses IP :<\/p><p style=\"padding-left: 40px;\"><span style=\"color: #0000ff;\"><em>ifconfig plip0 10.0.0.11 pointopoint 10.0.0.10 up<\/em><\/span><br \/><span style=\"color: #0000ff;\"><em>route add 10.0.0.10 plip0<\/em><\/span><\/p><p>Ici aussi, il faudra peut-\u00eatre changer le plip0 en plip1, etc. Chaque machine peut parfaitement avoir un nom diff\u00e9rent pour l&rsquo;interface r\u00e9seau.<\/p><p>Lorsque cela est fait, tester la connexion :<\/p><p style=\"padding-left: 40px;\"><span style=\"color: #0000ff;\"><em>ping 10.0.0.11<\/em><\/span> sur la premi\u00e8re machine,<br \/><span style=\"color: #0000ff;\"><em>ping 10.0.0.10<\/em><\/span> sur la seconde.<\/p><p>Normalement, des statistiques concernant la vitesse de la connexion devraient d\u00e9filer. Si rien ne d\u00e9file, ou si des messages d&rsquo;erreurs apparaissent, v\u00e9rifiez la configuration. Interrompez les commandes ping avec Ctrl+C.<\/p><p>Vous disposez maintenant d&rsquo;un v\u00e9ritable r\u00e9seau IP, pouvant \u00eatre utilis\u00e9 pour faire tout ce que l&rsquo;on peut faire sur un r\u00e9seau IP &lt;&lt;normal&gt;&gt; : utiliser le FTP, effectuer des connexions distantes, partager des r\u00e9pertoires, etc.<\/p><p>Pour couper la connexion, entrez simplement sur la premi\u00e8re machine :<\/p><p style=\"padding-left: 40px;\"><span style=\"color: #0000ff;\"><em>route del 10.0.0.11<\/em><\/span><br \/><span style=\"color: #0000ff;\"><em>ifconfig plip0 down<\/em><\/span><\/p><p>Et similairement sur la deuxi\u00e8me :<\/p><p style=\"padding-left: 40px;\"><span style=\"color: #0000ff;\"><em>route del 10.0.0.10<\/em><\/span><br \/><span style=\"color: #0000ff;\"><em>ifconfig plip0 down<\/em><\/span><\/p>\t\t\t\t\t\t<\/div>\n\t\t\t\t<\/div>\n\t\t\t\t\t<\/div>\n\t\t<\/div>\n\t\t\t\t\t<\/div>\n\t\t<\/section>\n\t\t\t\t<\/div>\n\t\t","protected":false},"excerpt":{"rendered":"<p>Sur le c\u00e2blage de Fernando, les broches 18 \u00e0 24 \u00e9taient libres. Utilisation de commandes DOS: Ce proc\u00e9d\u00e9 utilise un protocole r\u00e9seau particulier, le protocole PLIP. Celui-ci doit avoir \u00e9t\u00e9 inclus dans le kernel, ou du moins \u00eatre disponible sous forme de module. Essayez la commande (en tant que root, ainsi que pour les autres) [&hellip;]<\/p>\n","protected":false},"author":1,"featured_media":0,"parent":0,"menu_order":0,"comment_status":"closed","ping_status":"closed","template":"","meta":{"ocean_post_layout":"","ocean_both_sidebars_style":"","ocean_both_sidebars_content_width":0,"ocean_both_sidebars_sidebars_width":0,"ocean_sidebar":"0","ocean_second_sidebar":"0","ocean_disable_margins":"enable","ocean_add_body_class":"","ocean_shortcode_before_top_bar":"","ocean_shortcode_after_top_bar":"","ocean_shortcode_before_header":"","ocean_shortcode_after_header":"","ocean_has_shortcode":"","ocean_shortcode_after_title":"","ocean_shortcode_before_footer_widgets":"","ocean_shortcode_after_footer_widgets":"","ocean_shortcode_before_footer_bottom":"","ocean_shortcode_after_footer_bottom":"","ocean_display_top_bar":"default","ocean_display_header":"default","ocean_header_style":"","ocean_center_header_left_menu":"0","ocean_custom_header_template":"0","ocean_custom_logo":0,"ocean_custom_retina_logo":0,"ocean_custom_logo_max_width":0,"ocean_custom_logo_tablet_max_width":0,"ocean_custom_logo_mobile_max_width":0,"ocean_custom_logo_max_height":0,"ocean_custom_logo_tablet_max_height":0,"ocean_custom_logo_mobile_max_height":0,"ocean_header_custom_menu":"0","ocean_menu_typo_font_family":"0","ocean_menu_typo_font_subset":"","ocean_menu_typo_font_size":0,"ocean_menu_typo_font_size_tablet":0,"ocean_menu_typo_font_size_mobile":0,"ocean_menu_typo_font_size_unit":"px","ocean_menu_typo_font_weight":"","ocean_menu_typo_font_weight_tablet":"","ocean_menu_typo_font_weight_mobile":"","ocean_menu_typo_transform":"","ocean_menu_typo_transform_tablet":"","ocean_menu_typo_transform_mobile":"","ocean_menu_typo_line_height":0,"ocean_menu_typo_line_height_tablet":0,"ocean_menu_typo_line_height_mobile":0,"ocean_menu_typo_line_height_unit":"","ocean_menu_typo_spacing":0,"ocean_menu_typo_spacing_tablet":0,"ocean_menu_typo_spacing_mobile":0,"ocean_menu_typo_spacing_unit":"","ocean_menu_link_color":"","ocean_menu_link_color_hover":"","ocean_menu_link_color_active":"","ocean_menu_link_background":"","ocean_menu_link_hover_background":"","ocean_menu_link_active_background":"","ocean_menu_social_links_bg":"","ocean_menu_social_hover_links_bg":"","ocean_menu_social_links_color":"","ocean_menu_social_hover_links_color":"","ocean_disable_title":"default","ocean_disable_heading":"default","ocean_post_title":"","ocean_post_subheading":"","ocean_post_title_style":"","ocean_post_title_background_color":"","ocean_post_title_background":0,"ocean_post_title_bg_image_position":"","ocean_post_title_bg_image_attachment":"","ocean_post_title_bg_image_repeat":"","ocean_post_title_bg_image_size":"","ocean_post_title_height":0,"ocean_post_title_bg_overlay":0.5,"ocean_post_title_bg_overlay_color":"","ocean_disable_breadcrumbs":"default","ocean_breadcrumbs_color":"","ocean_breadcrumbs_separator_color":"","ocean_breadcrumbs_links_color":"","ocean_breadcrumbs_links_hover_color":"","ocean_display_footer_widgets":"default","ocean_display_footer_bottom":"default","ocean_custom_footer_template":"0","footnotes":""},"class_list":["post-1674","page","type-page","status-publish","hentry","entry"],"_links":{"self":[{"href":"https:\/\/lesmrdtrucs.mataf35400.fr\/index.php\/wp-json\/wp\/v2\/pages\/1674","targetHints":{"allow":["GET"]}}],"collection":[{"href":"https:\/\/lesmrdtrucs.mataf35400.fr\/index.php\/wp-json\/wp\/v2\/pages"}],"about":[{"href":"https:\/\/lesmrdtrucs.mataf35400.fr\/index.php\/wp-json\/wp\/v2\/types\/page"}],"author":[{"embeddable":true,"href":"https:\/\/lesmrdtrucs.mataf35400.fr\/index.php\/wp-json\/wp\/v2\/users\/1"}],"replies":[{"embeddable":true,"href":"https:\/\/lesmrdtrucs.mataf35400.fr\/index.php\/wp-json\/wp\/v2\/comments?post=1674"}],"version-history":[{"count":4,"href":"https:\/\/lesmrdtrucs.mataf35400.fr\/index.php\/wp-json\/wp\/v2\/pages\/1674\/revisions"}],"predecessor-version":[{"id":1683,"href":"https:\/\/lesmrdtrucs.mataf35400.fr\/index.php\/wp-json\/wp\/v2\/pages\/1674\/revisions\/1683"}],"wp:attachment":[{"href":"https:\/\/lesmrdtrucs.mataf35400.fr\/index.php\/wp-json\/wp\/v2\/media?parent=1674"}],"curies":[{"name":"wp","href":"https:\/\/api.w.org\/{rel}","templated":true}]}}